er when 382610 is divided by 1034.
30
Calculate the remainder when 8546591 is divided by 2848861.
8
What is the remainder when 492113 is divided by 2679?
1856
Calculate the remainder when 404757305 is divided by 11.
7
What is the remainder when 251017435 is divided by 125508700?
35
What is the remainder when 8931455 is divided by 78346?
11
What is the remainder when 36971 is divided by 859?
34
What is the remainder when 980212 is divided by 79?
59
What is the remainder when 1706689 is divided by 186?
139
Calculate the remainder when 129096 is divided by 1198.
910
What is the remainder when 45483592 is divided by 3921?
3913
Calculate the remainder when 5868129 is divided by 1956039.
12
What is the remainder when 39753611 is divided by 24661?
79
Calculate the remainder when 86351 is divided by 6297.
4490
What is the remainder when 657114 is divided by 566?
554
What is the remainder when 16632679 is divided by 666?
661
What is the remainder when 48111 is divided by 23974?
163
Calculate the remainder when 453694 is divided by 55.
54
What is the remainder when 188785 is divided by 31?
26
Calculate the remainder when 3429268 is divided by 40.
28
Calculate the remainder when 190724 is divided by 3399.
380
What is the remainder when 666850724 is divided by 333425360?
4
Calculate the remainder when 247180 is divided by 17655.
10
Calculate the remainder when 2050 is divided by 17.
10
Calculate the remainder when 37212697 is divided by 28.
25
Calculate the remainder when 52838 is divided by 5218.
658
What is the remainder when 736874 is divided by 29473?
49
Calculate the remainder when 201028 is divided by 38621.
7923
What is the remainder when 14597954 is divided by 42809?
85
Calculate the remainder when 531322 is divided by 391.
344
What is the remainder when 239251644 is divided by 31?
30
What is the remainder when 19106894 is divided by 2467?
2446
Calculate the remainder when 1028753441 is divided by 3897.
3896
Calculate the remainder when 778829 is divided by 3745.
3614
What is the remainder when 615758 is divided by 7326?
374
What is the remainder when 228749 is divided by 2558?
1087
What is the remainder when 2829328 is divided by 126?
124
Calculate the remainder when 681077 is divided by 8408.
29
What is the remainder when 2034894 is divided by 365?
19
Calculate the remainder when 200505 is divided by 100221.
63
Calculate the remainder when 36018408 is divided by 1453.
1444
What is the remainder when 809749 is divided by 1131?
1084
What is the remainder when 40972 is divided by 401?
70
What is the remainder when 6804 is divided by 153?
72
Calculate the remainder when 227762 is divided by 2091.
1934
Calculate the remainder when 2213610 is divided by 10541.
0
Calculate the remainder when 15762047 is divided by 5254008.
23
What is the remainder when 12187275 is divided by 40?
35
What is the remainder when 262499 is divided by 1902?
23
What is the remainder when 846225 is divided by 2612?
2549
What is the remainder when 426523 is divided by 7108?
43
Calculate the remainder when 16975086 is divided by 18.
6
Calculate the remainder when 15356139 is divided by 167.
155
Calculate the remainder when 110226088 is divided by 17608.
8
What is the remainder when 7501722 is divided by 18661?
0
What is the remainder when 16246848 is divided by 109776?
0
Calculate the remainder when 6490467 is divided by 1552.
3
What is the remainder when 1655457 is divided by 190?
177
Calculate the remainder when 4765180 is divided by 4765110.
70
What is the remainder when 1172231 is divided by 5861?
31
Calculate the remainder when 98202813 is divided by 39.
33
What is the remainder when 42893 is divided by 14167?
392
What is the remainder when 67903061 is divided by 1048?
1045
What is the remainder when 521299 is divided by 14480?
19
What is the remainder when 6798 is divided by 2498?
1802
What is the remainder when 5532598 is divided by 15241?
115
Calculate the remainder when 14814 is divided by 2520.
2214
Calculate the remainder when 5138905 is divided by 18223.
19
Calculate the remainder when 2461883 is divided by 820556.
215
Calculate the remainder when 345666 is divided by 690.
666
What is the remainder when 3062143684 is divided by 483?
481
Calculate the remainder when 358315366 is divided by 288964.
6
Calculate the remainder when 37379215 is divided by 13687.
18
Calculate the remainder when 3658694 is divided by 784.
550
Calculate the remainder when 2966114 is divided by 92690.
34
Calculate the remainder when 113521 is divided by 22694.
51
Calculate the remainder when 821388 is divided by 22198.
62
What is the remainder when 76502 is divided by 2251?
2219
Calculate the remainder when 3721015 is divided by 3666.
25
Calculate the remainder when 1396970 is divided by 355.
45
What is the remainder when 10356642 is divided by 39?
36
Calculate the remainder when 1291976 is divided by 1283.
1278
Calculate the remainder when 32588248 is divided by 3361.
3353
What is the remainder when 319301 is divided by 11007?
98
Calculate the remainder when 2773775 is divided by 16.
15
Calculate the remainder when 135483007 is divided by 67741498.
11
What is the remainder when 1103623 is divided by 22508?
731
What is the remainder when 5415660 is divided by 1494?
1404
Calculate the remainder when 46049931 is divided by 69.
21
Calculate the remainder when 60481491 is divided by 10737.
10707
Calculate the remainder when 383075114 is divided by 920.
914
Calculate the remainder when 1438997 is divided by 719289.
419
Calculate the remainder when 761995 is divided by 222.
91
Calculate the remainder when 22765 is divided by 11063.
639
Calculate the remainder when 419790 is divided by 1891.
1879
What is the remainder when 1229300 is divided by 55828?
1084
Calculate the remainder when 33099452 is divided by 1133.
1123
What is the remainder when 155676 is divided by 4564?
500
Calculate the remainder when 1045823482 is divided by 808.
802
What is the remainder when 1901986 is divided by 633972?
70
What is the remainder when 24170830 is divided by 893?
892
What is the remainder when 26193757 is divided by 14544?
13
Calculate the remainder when 845698278 is divided by 143.
139
Calculate the remainder when 68395738 is divided by 4194.
4180
What is the remainder when 196848 is divided by 430?
338
What is the remainder when 261348 is divided by 325?
48
Calculate the remainder when 793949 is divided by 456.
53
What is the remainder when 4821314 is divided by 15?
14
What is the remainder when 176620 is divided by 110?
70
Calculate the remainder when 9276478 is divided by 206.
92
What is the remainder when 101822 is divided by 330?
182
Calculate the remainder when 1888764 is divided by 870.
864
What is the remainder when 72189 is divided by 632?
141
Calculate the remainder when 7019471 is divided by 467964.
11
What is the remainder when 1246588 is divided by 558?
16
Calculate the remainder when 8832547 is divided by 3213.
10
Calculate the remainder when 448229 is divided by 672.
5
Calculate the remainder when 268408 is divided by 1658.
1470
What is the remainder when 188878 is divided by 15412?
3934
What is the remainder when 479945 is divided by 161?
4
Calculate the remainder when 360304 is divided by 360248.
56
Calculate the remainder when 67515192 is divided by 320.
312
What is the remainder when 5298273 is divided by 816?
801
What is the remainder when 1440889 is divided by 2582?
133
Calculate the remainder when 99490 is divided by 2551.
1
Calculate the remainder when 664386 is divided by 12775.
86
What is the remainder when 73274 is divided by 21?
5
What is the remainder when 1108479 is divided by 554234?
11
Calculate the remainder when 18012 is divided by 7611.
2790
Calculate the remainder when 9547993 is divided by 301.
273
What is the remainder when 3169458 is divided by 150926?
12
What is the remainder when 98462 is divided by 661?
634
Calculate the remainder when 2668117 is divided by 1479.
1
What is the remainder when 61364 is divided by 58?
0
Calculate the remainder when 2794852 is divided by 68.
52
Calculate the remainder when 267548 is divided by 23688.
6980
Calculate the remainder when 53652 is divided by 1676.
20
Calculate the remainder when 993684 is divided by 1223.
608
Calculate the rem